{"id":26,"date":"2011-01-13T13:38:45","date_gmt":"2011-01-13T13:38:45","guid":{"rendered":"http:\/\/ploullins.cluster1.easy-hebergement.net\/anciensbasketteurs\/"},"modified":"2024-09-27T15:17:20","modified_gmt":"2024-09-27T15:17:20","slug":"evenements","status":"publish","type":"page","link":"https:\/\/ploullins.fr\/anciensbasketteurs\/evenements\/","title":{"rendered":"Infos"},"content":{"rendered":"<p><em><strong>Vous avez \u00e9t\u00e9 \u00e0 un moment ou un autre en lien avec une section du PLO et il nous semblait important de vous rappeler l\u2019existence de l\u2019Amicale des Anciens Basketteurs et Amis. <\/strong><\/em><\/p>\n<p><em><strong>Elle a pour vocation \u00e0 aider les jeunes basketteurs du PLO en leur fournissant ponctuellement des aides financi\u00e8res ou mat\u00e9rielles.<\/strong><\/em><\/p>\n<p><em><strong>Pour cela, elle organise diff\u00e9rentes manifestations au sein du PLO en partenariat avec d\u2019autres sections.<\/strong><\/em><\/p>\n<p><em><strong>N\u2019h\u00e9sitez pas \u00e0 venir faire une balade pendant ces animations pour retrouver l\u2019ambiance d\u2019une journ\u00e9e basket ou d\u2019une autre section et la convivialit\u00e9 qui fait la vie du PLO et ce sera \u00e9galement l\u2019occasion de retrouver des anciens co\u00e9quipiers, entra\u00eeneurs ou amis.<\/strong><\/em><\/p>\n<p><em><strong>Par ailleurs, si vous voulez soutenir les actions de l\u2019Amicale, une<\/strong><strong><u> cotisation de 13 \u20ac<\/u><\/strong> <strong>pour l\u2019ann\u00e9e est propos\u00e9e. Alors venez nous rejoindre, on sera ravi de vous revoir ou d\u2019avoir de vos nouvelles.<\/strong><\/em><\/p>\n","protected":false},"excerpt":{"rendered":"<p>Vous avez \u00e9t\u00e9 \u00e0 un moment ou un autre en lien avec une section du PLO et il nous semblait important de vous rappeler l\u2019existence de l\u2019Amicale des Anciens Basketteurs et Amis. Elle a pour vocation \u00e0 aider les jeunes basketteurs du PLO en leur fournissant ponctuellement des aides financi\u00e8res ou mat\u00e9rielles. Pour cela, elle &hellip; <\/p>\n<p><a class=\"more-link btn\" href=\"https:\/\/ploullins.fr\/anciensbasketteurs\/evenements\/\">Lire la suite<\/a><\/p>\n","protected":false},"author":2,"featured_media":0,"parent":0,"menu_order":0,"comment_status":"closed","ping_status":"closed","template":"","meta":{"footnotes":""},"class_list":["post-26","page","type-page","status-publish","hentry","nodate","item-wrap"],"_links":{"self":[{"href":"https:\/\/ploullins.fr\/anciensbasketteurs\/wp-json\/wp\/v2\/pages\/26","targetHints":{"allow":["GET"]}}],"collection":[{"href":"https:\/\/ploullins.fr\/anciensbasketteurs\/wp-json\/wp\/v2\/pages"}],"about":[{"href":"https:\/\/ploullins.fr\/anciensbasketteurs\/wp-json\/wp\/v2\/types\/page"}],"author":[{"embeddable":true,"href":"https:\/\/ploullins.fr\/anciensbasketteurs\/wp-json\/wp\/v2\/users\/2"}],"replies":[{"embeddable":true,"href":"https:\/\/ploullins.fr\/anciensbasketteurs\/wp-json\/wp\/v2\/comments?post=26"}],"version-history":[{"count":14,"href":"https:\/\/ploullins.fr\/anciensbasketteurs\/wp-json\/wp\/v2\/pages\/26\/revisions"}],"predecessor-version":[{"id":242,"href":"https:\/\/ploullins.fr\/anciensbasketteurs\/wp-json\/wp\/v2\/pages\/26\/revisions\/242"}],"wp:attachment":[{"href":"https:\/\/ploullins.fr\/anciensbasketteurs\/wp-json\/wp\/v2\/media?parent=26"}],"curies":[{"name":"wp","href":"https:\/\/api.w.org\/{rel}","templated":true}]}}