{"id":2,"date":"2010-10-22T09:46:07","date_gmt":"2010-10-22T09:46:07","guid":{"rendered":"http:\/\/ploullins.cluster1.easy-hebergement.net\/artsmartiaux\/?page_id=2"},"modified":"2022-09-20T11:22:09","modified_gmt":"2022-09-20T10:22:09","slug":"a-propos","status":"publish","type":"page","link":"https:\/\/ploullins.fr\/artsmartiaux\/a-propos\/","title":{"rendered":"Yoseikan Budo"},"content":{"rendered":"<h3><a href=\"http:\/\/ploullins.fr\/artsmartiaux\/files\/2010\/10\/logo-yoseikan-budo1.jpg\"><img loading=\"lazy\" decoding=\"async\" class=\"aligncenter size-full wp-image-322\" src=\"http:\/\/ploullins.fr\/artsmartiaux\/files\/2010\/10\/logo-yoseikan-budo1.jpg\" alt=\"logo yoseikan budo\" width=\"208\" height=\"241\" \/><\/a><\/h3>\n<h3><span style=\"text-decoration: underline\"><span style=\"color: #ff0000;text-decoration: underline\">QU&rsquo;EST-CE QUE LE YOSEIKAN BUDO ?<\/span><\/span><\/h3>\n<p style=\"text-align: center\"><span style=\"color: #ffffff\">Le Yoseikan Budo est un art martial \u00e9labor\u00e9 par Ma\u00eetre Hiroo MOCHIZUKI qui a observ\u00e9 que toutes les formes d\u2019\u00e9nergies (le son, la lumi\u00e8re, la chaleur, l\u2019\u00e9lectricit\u00e9, le mouvement des vagues, \u2026) sont transmises sous forme d\u2019ondes. Ma\u00eetre Hiroo MOCHIZUKI a \u00e9tabli un syst\u00e8me de correspondance entre techniques de projections, cl\u00e9s, mains nues et avec b\u00e2tons en mousse. Une sp\u00e9cificit\u00e9 de la m\u00e9thode est de travailler syst\u00e9matiquement en sym\u00e9trie, aussi bien en cours qu\u2019en comp\u00e9tition \u2013 exigence visant \u00e0 solliciter les deux h\u00e9misph\u00e8res du cerveau (travail impos\u00e9 des armes mousse aussi bien avec la main gauche que la main droite, de la m\u00eame dur\u00e9e). Enfin, le YOSEIKAN poss\u00e8de comme atout majeur le fait qu\u2019il vise \u00e0 pr\u00e9server l\u2019int\u00e9grit\u00e9 physique des pratiquants de tous \u00e2ges et de tous niveaux, tant en cours qu\u2019en comp\u00e9tition, voire am\u00e9- liorer leur condition physique et psychique, en r\u00e9duisant les risques de traumatismes, l\u00e9sions ou blessures dus \u00e0 des positions, mouvements ou formes de travail inad\u00e9quats, et en proposant des \u00e9ducatifs \u00e0 vocation de socialisation. Une pratique adapt\u00e9e \u00e0 tous les \u00e2ges La vari\u00e9t\u00e9 technique du Yoseikan Budo permet \u00e0 chacun de progresser suivant son potentiel et malgr\u00e9 ses handicaps \u00e9ventuels (dans la limite de l&rsquo;autorisation d&rsquo;aptitude \u00e0 la pratique d\u00e9livr\u00e9e par le m\u00e9decin). Il est ainsi possible de choisir une des formes de pratique adapt\u00e9e \u00e0 ses inclinations et capacit\u00e9s, ce qui en fait une m\u00e9thode attractive quels que soit l&rsquo;\u00e2ge ou le sexe. e. La m\u00e9thode vise \u00e0 d\u00e9velopper la r\u00e9activit\u00e9 et l&rsquo;ouverture d&rsquo;esprit tout en accompagnant le pratiquant sur la voie de la r\u00e9alisation personnelle. Le Yoseikan Budo favorise la polyvalence, stimule la cr\u00e9ativit\u00e9, et est un facteur de socialisation de part les valeurs d\u2019entraide qu\u2019il cherche \u00e0 promouvoir.\u00a0<\/span><\/p>\n<h2 style=\"text-align: center\"><span style=\"color: #ff0000\"><span style=\"text-decoration: underline\">Horaires et Tarifs<\/span> : <\/span><\/h2>\n<p style=\"text-align: center\"><a href=\"https:\/\/ploullins.fr\/artsmartiaux\/files\/2022\/09\/capture-yoseikan-22-23.png\"><img loading=\"lazy\" decoding=\"async\" class=\"alignnone size-medium wp-image-377\" src=\"https:\/\/ploullins.fr\/artsmartiaux\/files\/2022\/09\/capture-yoseikan-22-23-194x300.png\" alt=\"infos yoseikan 22 23\" width=\"194\" height=\"300\" srcset=\"https:\/\/ploullins.fr\/artsmartiaux\/files\/2022\/09\/capture-yoseikan-22-23-194x300.png 194w, https:\/\/ploullins.fr\/artsmartiaux\/files\/2022\/09\/capture-yoseikan-22-23.png 323w\" sizes=\"auto, (max-width: 194px) 100vw, 194px\" \/><\/a><\/p>\n<h3><\/h3>\n<h3><span style=\"color: #ff0000\">ATTENTION : ces tarifs ne tiennent pas compte des r\u00e9ductions \u00e9ventuelles (Pass R\u00e9gion, ARS, \u2026)<\/span><\/h3>\n<h3><span style=\"color: #ff0000\"><span style=\"text-decoration: underline\">NB<\/span> :<\/span><\/h3>\n<ul>\n<li><span style=\"color: #ffffff\">Il est possible d\u2019\u00e9taler les r\u00e8glements (10 ch\u00e8ques maximum)<\/span><\/li>\n<li><span style=\"color: #ffffff\">Le tarif comprend :<\/span>\n<ul>\n<li><span style=\"color: #ffffff\">l\u2019adh\u00e9sion au PLO : 34 \u20ac pour les moins de 16 ans r\u00e9sidants sur Oullinois; 37 euros pour les moins de 16 ans r\u00e9sidents hors Oullins ;<\/span><\/li>\n<li><span style=\"color: #ffffff\">44 \u20ac \u00e0 partir de 17 ans oullinois; 47 euros pour\u00a0 les plus de 16 ans non oullinois.<\/span><\/li>\n<li><span style=\"color: #ffffff\">\u00a0la licence<\/span><\/li>\n<li><span style=\"color: #ffffff\">la somme restante revient \u00e0 la section et permet de d\u00e9frayer les enseignants, d\u2019acheter du mat\u00e9riel et de contribuer \u00e0 son fonctionnement administratif.<\/span><\/li>\n<\/ul>\n<\/li>\n<\/ul>\n<h4><\/h4>\n<h4 style=\"text-align: center\"><span style=\"color: #ff0000\">Pour des raisons de s\u00e9curit\u00e9 et de responsabilit\u00e9, le responsable de l\u2019enfant devra s\u2019assurer de la pr\u00e9sence de l\u2019entra\u00eeneur avant de laisser son enfant dans la salle d\u2019activit\u00e9 et devra venir le chercher \u00e0 la fin de l\u2019entra\u00eenement dans cette m\u00eame salle. Le club se d\u00e9gage de toute responsabilit\u00e9 en cas d\u2019incident survenant en dehors des heures d\u2019entra\u00eenement et en cas de non respect de ces consignes<\/span><\/h4>\n<h4 style=\"text-align: center\"><span style=\"color: #ff0000\">Il est possible de participer \u00e0 des cours d\u2019essai sur pr\u00e9sentation d\u2019un certificat d\u2019aptitude \u00e0 la pratique du Yoseikan Budo.<\/span><\/h4>\n<h2><\/h2>\n<h2 style=\"text-align: center\"><\/h2>\n<h2 style=\"text-align: center\"><\/h2>\n<div><\/div>\n","protected":false},"excerpt":{"rendered":"<p>QU&rsquo;EST-CE QUE LE YOSEIKAN BUDO ? Le Yoseikan Budo est un art martial \u00e9labor\u00e9 par Ma\u00eetre Hiroo MOCHIZUKI qui a observ\u00e9 que toutes les formes d\u2019\u00e9nergies (le son, la lumi\u00e8re, la chaleur, l\u2019\u00e9lectricit\u00e9, le mouvement des vagues, \u2026) sont transmises sous forme d\u2019ondes. Ma\u00eetre Hiroo MOCHIZUKI a \u00e9tabli un syst\u00e8me de correspondance entre techniques de [&hellip;]<\/p>\n","protected":false},"author":2,"featured_media":0,"parent":0,"menu_order":1,"comment_status":"closed","ping_status":"closed","template":"","meta":{"footnotes":""},"class_list":["post-2","page","type-page","status-publish","hentry"],"_links":{"self":[{"href":"https:\/\/ploullins.fr\/artsmartiaux\/wp-json\/wp\/v2\/pages\/2","targetHints":{"allow":["GET"]}}],"collection":[{"href":"https:\/\/ploullins.fr\/artsmartiaux\/wp-json\/wp\/v2\/pages"}],"about":[{"href":"https:\/\/ploullins.fr\/artsmartiaux\/wp-json\/wp\/v2\/types\/page"}],"author":[{"embeddable":true,"href":"https:\/\/ploullins.fr\/artsmartiaux\/wp-json\/wp\/v2\/users\/2"}],"replies":[{"embeddable":true,"href":"https:\/\/ploullins.fr\/artsmartiaux\/wp-json\/wp\/v2\/comments?post=2"}],"version-history":[{"count":81,"href":"https:\/\/ploullins.fr\/artsmartiaux\/wp-json\/wp\/v2\/pages\/2\/revisions"}],"predecessor-version":[{"id":383,"href":"https:\/\/ploullins.fr\/artsmartiaux\/wp-json\/wp\/v2\/pages\/2\/revisions\/383"}],"wp:attachment":[{"href":"https:\/\/ploullins.fr\/artsmartiaux\/wp-json\/wp\/v2\/media?parent=2"}],"curies":[{"name":"wp","href":"https:\/\/api.w.org\/{rel}","templated":true}]}}