{"id":545,"date":"2020-09-07T15:11:19","date_gmt":"2020-09-07T13:11:19","guid":{"rendered":"https:\/\/ploullins.fr\/fitnessbienetre\/?page_id=545"},"modified":"2024-10-04T17:42:02","modified_gmt":"2024-10-04T15:42:02","slug":"activites","status":"publish","type":"page","link":"https:\/\/ploullins.fr\/fitnessbienetre\/activites\/","title":{"rendered":"Activit\u00e9s"},"content":{"rendered":"<p>La section fitness bien \u00eatre vous propose diverses activit\u00e9s pour une remise en forme id\u00e9al.<\/p>\n<p>Pour les adeptes d&rsquo;exercices cardiovasculaires vous pourrez trouver votre bonheur gr\u00e2ce aux disciplines suivantes :<\/p>\n<ul>\n<li>Gi Gong Eventail<\/li>\n<li>TAI CHI CHUAN<\/li>\n<li>Total Gym<\/li>\n<li>Pilates<\/li>\n<li>Step<\/li>\n<li>Self d\u00e9fense<\/li>\n<\/ul>\n<p>Nous vous proposons \u00e9galement\u00a0de vous d\u00e9tendre gr\u00e2ce \u00e0 la Gym douce\/Stretching et au Pilates qui vous permettront de tonifier votre corps tout en douceur.<\/p>\n<p>Les instructeurs vous accompagneront tout au long de l\u2019ann\u00e9e afin que vous ressortiez des cours dans des conditions optimales et dans un bien \u00eatre total. (Elisabeth MINCHELLA pour la gym douce ainsi que le step ; Sandra AGOSTINI pour le pilates, Sylvie OLLIVIER pour le Gigong Eventail, Val\u00e9rie MAZOYER pour le TAI CHI CHUAN et G\u00e9rald Bibet pour les cous de self-d\u00e9fense)<\/p>\n<p>Vous voulez en savoir plus ? N&rsquo;h\u00e9sitez pas \u00e0 consulter les rubriques, sous l&rsquo;onglet activit\u00e9s, qui sont d\u00e9di\u00e9es \u00e0 chacune des activit\u00e9s.<\/p>\n<p>Pour toute information suppl\u00e9mentaire le bureau de la section se fera un plaisir de vous aider.<\/p>\n<h4 style=\"text-align: center\"><em><strong>\u00a0<\/strong><\/em><\/h4>\n","protected":false},"excerpt":{"rendered":"<p>La section fitness bien \u00eatre vous propose diverses activit\u00e9s pour une remise en forme id\u00e9al. Pour les adeptes d&rsquo;exercices cardiovasculaires vous pourrez trouver votre bonheur gr\u00e2ce aux disciplines suivantes : Gi Gong Eventail TAI CHI CHUAN Total Gym Pilates Step Self d\u00e9fense Nous vous proposons \u00e9galement\u00a0de vous d\u00e9tendre gr\u00e2ce \u00e0&#8230;<\/p>\n<p class=\"continue-reading-button\"> <a class=\"continue-reading-link\" href=\"https:\/\/ploullins.fr\/fitnessbienetre\/activites\/\">Suite<i class=\"crycon-right-dir\"><\/i><\/a><\/p>\n","protected":false},"author":43,"featured_media":0,"parent":0,"menu_order":1,"comment_status":"closed","ping_status":"closed","template":"","meta":{"footnotes":""},"class_list":["post-545","page","type-page","status-publish","hentry"],"_links":{"self":[{"href":"https:\/\/ploullins.fr\/fitnessbienetre\/wp-json\/wp\/v2\/pages\/545","targetHints":{"allow":["GET"]}}],"collection":[{"href":"https:\/\/ploullins.fr\/fitnessbienetre\/wp-json\/wp\/v2\/pages"}],"about":[{"href":"https:\/\/ploullins.fr\/fitnessbienetre\/wp-json\/wp\/v2\/types\/page"}],"author":[{"embeddable":true,"href":"https:\/\/ploullins.fr\/fitnessbienetre\/wp-json\/wp\/v2\/users\/43"}],"replies":[{"embeddable":true,"href":"https:\/\/ploullins.fr\/fitnessbienetre\/wp-json\/wp\/v2\/comments?post=545"}],"version-history":[{"count":10,"href":"https:\/\/ploullins.fr\/fitnessbienetre\/wp-json\/wp\/v2\/pages\/545\/revisions"}],"predecessor-version":[{"id":988,"href":"https:\/\/ploullins.fr\/fitnessbienetre\/wp-json\/wp\/v2\/pages\/545\/revisions\/988"}],"wp:attachment":[{"href":"https:\/\/ploullins.fr\/fitnessbienetre\/wp-json\/wp\/v2\/media?parent=545"}],"curies":[{"name":"wp","href":"https:\/\/api.w.org\/{rel}","templated":true}]}}