{"id":801,"date":"2023-08-17T18:47:35","date_gmt":"2023-08-17T16:47:35","guid":{"rendered":"https:\/\/ploullins.fr\/fitnessbienetre\/?page_id=801"},"modified":"2023-08-18T16:01:14","modified_gmt":"2023-08-18T14:01:14","slug":"qi-gong-eventail","status":"publish","type":"page","link":"https:\/\/ploullins.fr\/fitnessbienetre\/activites\/qi-gong-eventail\/","title":{"rendered":"QI GONG EVENTAIL"},"content":{"rendered":"\n<div class=\"wp-block-image\"><figure class=\"aligncenter size-large is-resized\"><img loading=\"lazy\" decoding=\"async\" src=\"https:\/\/ploullins.fr\/fitnessbienetre\/files\/2023\/08\/2.png\" alt=\"\" class=\"wp-image-790\" width=\"234\" height=\"187\" srcset=\"https:\/\/ploullins.fr\/fitnessbienetre\/files\/2023\/08\/2.png 600w, https:\/\/ploullins.fr\/fitnessbienetre\/files\/2023\/08\/2-300x241.png 300w, https:\/\/ploullins.fr\/fitnessbienetre\/files\/2023\/08\/2-150x120.png 150w\" sizes=\"auto, (max-width: 234px) 100vw, 234px\" \/><\/figure><\/div>\n\n\n\n<p class=\"has-vivid-green-cyan-color has-text-color\">L\u2019\u00e9ventail associ\u00e9 au Qi Gong permet de travailler notre corps en souplesse.<\/p>\n\n\n\n<p>Cet Art ancestral reste innovant et b\u00e9n\u00e9fique tout en nous amenant des bienfaits \u00e0 savoir :<\/p>\n\n\n\n<ul class=\"wp-block-list\"><li>La notion de l\u2019espace<\/li><\/ul>\n\n\n\n<ul class=\"wp-block-list\"><li>Meilleure coordination du sch\u00e9ma corporel.<\/li><\/ul>\n\n\n\n<ul class=\"wp-block-list\"><li>Obtenir un meilleur \u00e9quilibre.<\/li><\/ul>\n\n\n\n<ul class=\"wp-block-list\"><li>Apaise notre mental.<\/li><\/ul>\n\n\n\n<ul class=\"wp-block-list\"><li>Travaille la souplesse de notre corps.<\/li><\/ul>\n\n\n\n<ul class=\"wp-block-list\"><li>D\u00e9veloppe le Tonus corporel. <\/li><\/ul>\n\n\n\n<ul class=\"wp-block-list\"><li>Approche auto d\u00e9fense avec cet art martial.<\/li><\/ul>\n\n\n\n<figure class=\"wp-block-gallery columns-3 is-cropped wp-block-gallery-1 is-layout-flex wp-block-gallery-is-layout-flex\"><ul class=\"blocks-gallery-grid\"><li class=\"blocks-gallery-item\"><figure><img loading=\"lazy\" decoding=\"async\" width=\"768\" height=\"1024\" src=\"https:\/\/ploullins.fr\/fitnessbienetre\/files\/2022\/05\/IMG_20220508_1057501-768x1024.jpg\" alt=\"\" data-id=\"701\" data-link=\"https:\/\/ploullins.fr\/fitnessbienetre\/gi-gong-eventail-lors-de-la-fete-de-liris\/img_20220508_1057501\/\" class=\"wp-image-701\" srcset=\"https:\/\/ploullins.fr\/fitnessbienetre\/files\/2022\/05\/IMG_20220508_1057501-768x1024.jpg 768w, https:\/\/ploullins.fr\/fitnessbienetre\/files\/2022\/05\/IMG_20220508_1057501-225x300.jpg 225w, https:\/\/ploullins.fr\/fitnessbienetre\/files\/2022\/05\/IMG_20220508_1057501-1152x1536.jpg 1152w, https:\/\/ploullins.fr\/fitnessbienetre\/files\/2022\/05\/IMG_20220508_1057501-1536x2048.jpg 1536w, https:\/\/ploullins.fr\/fitnessbienetre\/files\/2022\/05\/IMG_20220508_1057501-113x150.jpg 113w, https:\/\/ploullins.fr\/fitnessbienetre\/files\/2022\/05\/IMG_20220508_1057501-scaled.jpg 1920w\" sizes=\"auto, (max-width: 768px) 100vw, 768px\" \/><\/figure><\/li><li class=\"blocks-gallery-item\"><figure><img loading=\"lazy\" decoding=\"async\" width=\"766\" height=\"1024\" src=\"https:\/\/ploullins.fr\/fitnessbienetre\/files\/2023\/08\/IMG-20230514-WA0017-766x1024.jpg\" alt=\"\" data-id=\"810\" data-full-url=\"https:\/\/ploullins.fr\/fitnessbienetre\/files\/2023\/08\/IMG-20230514-WA0017.jpg\" data-link=\"https:\/\/ploullins.fr\/fitnessbienetre\/activites\/qi-gong-eventail\/img-20230514-wa0017\/\" class=\"wp-image-810\" srcset=\"https:\/\/ploullins.fr\/fitnessbienetre\/files\/2023\/08\/IMG-20230514-WA0017-766x1024.jpg 766w, https:\/\/ploullins.fr\/fitnessbienetre\/files\/2023\/08\/IMG-20230514-WA0017-224x300.jpg 224w, https:\/\/ploullins.fr\/fitnessbienetre\/files\/2023\/08\/IMG-20230514-WA0017-768x1027.jpg 768w, https:\/\/ploullins.fr\/fitnessbienetre\/files\/2023\/08\/IMG-20230514-WA0017-1149x1536.jpg 1149w, https:\/\/ploullins.fr\/fitnessbienetre\/files\/2023\/08\/IMG-20230514-WA0017-112x150.jpg 112w, https:\/\/ploullins.fr\/fitnessbienetre\/files\/2023\/08\/IMG-20230514-WA0017.jpg 1496w\" sizes=\"auto, (max-width: 766px) 100vw, 766px\" \/><\/figure><\/li><li class=\"blocks-gallery-item\"><figure><img loading=\"lazy\" decoding=\"async\" width=\"1024\" height=\"577\" src=\"https:\/\/ploullins.fr\/fitnessbienetre\/files\/2023\/08\/IMG-20230808-WA0023-1024x577.jpg\" alt=\"\" data-id=\"811\" data-full-url=\"https:\/\/ploullins.fr\/fitnessbienetre\/files\/2023\/08\/IMG-20230808-WA0023.jpg\" data-link=\"https:\/\/ploullins.fr\/fitnessbienetre\/activites\/qi-gong-eventail\/img-20230808-wa0023\/\" class=\"wp-image-811\" srcset=\"https:\/\/ploullins.fr\/fitnessbienetre\/files\/2023\/08\/IMG-20230808-WA0023-1024x577.jpg 1024w, https:\/\/ploullins.fr\/fitnessbienetre\/files\/2023\/08\/IMG-20230808-WA0023-300x169.jpg 300w, https:\/\/ploullins.fr\/fitnessbienetre\/files\/2023\/08\/IMG-20230808-WA0023-768x433.jpg 768w, https:\/\/ploullins.fr\/fitnessbienetre\/files\/2023\/08\/IMG-20230808-WA0023-1536x866.jpg 1536w, https:\/\/ploullins.fr\/fitnessbienetre\/files\/2023\/08\/IMG-20230808-WA0023-150x85.jpg 150w, https:\/\/ploullins.fr\/fitnessbienetre\/files\/2023\/08\/IMG-20230808-WA0023.jpg 1600w\" sizes=\"auto, (max-width: 1024px) 100vw, 1024px\" \/><\/figure><\/li><li class=\"blocks-gallery-item\"><figure><img loading=\"lazy\" decoding=\"async\" width=\"1024\" height=\"577\" src=\"https:\/\/ploullins.fr\/fitnessbienetre\/files\/2023\/08\/IMG-20230530-WA0017-1024x577.jpg\" alt=\"\" data-id=\"812\" data-full-url=\"https:\/\/ploullins.fr\/fitnessbienetre\/files\/2023\/08\/IMG-20230530-WA0017.jpg\" data-link=\"https:\/\/ploullins.fr\/fitnessbienetre\/activites\/qi-gong-eventail\/img-20230530-wa0017\/\" class=\"wp-image-812\" srcset=\"https:\/\/ploullins.fr\/fitnessbienetre\/files\/2023\/08\/IMG-20230530-WA0017-1024x577.jpg 1024w, https:\/\/ploullins.fr\/fitnessbienetre\/files\/2023\/08\/IMG-20230530-WA0017-300x169.jpg 300w, https:\/\/ploullins.fr\/fitnessbienetre\/files\/2023\/08\/IMG-20230530-WA0017-768x433.jpg 768w, https:\/\/ploullins.fr\/fitnessbienetre\/files\/2023\/08\/IMG-20230530-WA0017-1536x866.jpg 1536w, https:\/\/ploullins.fr\/fitnessbienetre\/files\/2023\/08\/IMG-20230530-WA0017-150x85.jpg 150w, https:\/\/ploullins.fr\/fitnessbienetre\/files\/2023\/08\/IMG-20230530-WA0017.jpg 1600w\" sizes=\"auto, (max-width: 1024px) 100vw, 1024px\" \/><\/figure><\/li><li class=\"blocks-gallery-item\"><figure><img loading=\"lazy\" decoding=\"async\" width=\"1024\" height=\"577\" src=\"https:\/\/ploullins.fr\/fitnessbienetre\/files\/2023\/08\/IMG-20230530-WA0001-1024x577.jpg\" alt=\"\" data-id=\"813\" data-full-url=\"https:\/\/ploullins.fr\/fitnessbienetre\/files\/2023\/08\/IMG-20230530-WA0001.jpg\" data-link=\"https:\/\/ploullins.fr\/fitnessbienetre\/activites\/qi-gong-eventail\/img-20230530-wa0001\/\" class=\"wp-image-813\" srcset=\"https:\/\/ploullins.fr\/fitnessbienetre\/files\/2023\/08\/IMG-20230530-WA0001-1024x577.jpg 1024w, https:\/\/ploullins.fr\/fitnessbienetre\/files\/2023\/08\/IMG-20230530-WA0001-300x169.jpg 300w, https:\/\/ploullins.fr\/fitnessbienetre\/files\/2023\/08\/IMG-20230530-WA0001-768x433.jpg 768w, https:\/\/ploullins.fr\/fitnessbienetre\/files\/2023\/08\/IMG-20230530-WA0001-1536x866.jpg 1536w, https:\/\/ploullins.fr\/fitnessbienetre\/files\/2023\/08\/IMG-20230530-WA0001-150x85.jpg 150w, https:\/\/ploullins.fr\/fitnessbienetre\/files\/2023\/08\/IMG-20230530-WA0001.jpg 1600w\" sizes=\"auto, (max-width: 1024px) 100vw, 1024px\" \/><\/figure><\/li><li class=\"blocks-gallery-item\"><figure><img loading=\"lazy\" decoding=\"async\" width=\"1024\" height=\"577\" src=\"https:\/\/ploullins.fr\/fitnessbienetre\/files\/2023\/08\/IMG-20230530-WA0007-1024x577.jpg\" alt=\"\" data-id=\"814\" data-full-url=\"https:\/\/ploullins.fr\/fitnessbienetre\/files\/2023\/08\/IMG-20230530-WA0007.jpg\" data-link=\"https:\/\/ploullins.fr\/fitnessbienetre\/activites\/qi-gong-eventail\/img-20230530-wa0007\/\" class=\"wp-image-814\" srcset=\"https:\/\/ploullins.fr\/fitnessbienetre\/files\/2023\/08\/IMG-20230530-WA0007-1024x577.jpg 1024w, https:\/\/ploullins.fr\/fitnessbienetre\/files\/2023\/08\/IMG-20230530-WA0007-300x169.jpg 300w, https:\/\/ploullins.fr\/fitnessbienetre\/files\/2023\/08\/IMG-20230530-WA0007-768x433.jpg 768w, https:\/\/ploullins.fr\/fitnessbienetre\/files\/2023\/08\/IMG-20230530-WA0007-1536x866.jpg 1536w, https:\/\/ploullins.fr\/fitnessbienetre\/files\/2023\/08\/IMG-20230530-WA0007-150x85.jpg 150w, https:\/\/ploullins.fr\/fitnessbienetre\/files\/2023\/08\/IMG-20230530-WA0007.jpg 1600w\" sizes=\"auto, (max-width: 1024px) 100vw, 1024px\" \/><\/figure><\/li><li class=\"blocks-gallery-item\"><figure><img loading=\"lazy\" decoding=\"async\" width=\"771\" height=\"1024\" src=\"https:\/\/ploullins.fr\/fitnessbienetre\/files\/2023\/08\/IMG-20221203-WA0055-771x1024.jpg\" alt=\"\" data-id=\"815\" data-full-url=\"https:\/\/ploullins.fr\/fitnessbienetre\/files\/2023\/08\/IMG-20221203-WA0055.jpg\" data-link=\"https:\/\/ploullins.fr\/fitnessbienetre\/activites\/qi-gong-eventail\/img-20221203-wa0055\/\" class=\"wp-image-815\" srcset=\"https:\/\/ploullins.fr\/fitnessbienetre\/files\/2023\/08\/IMG-20221203-WA0055-771x1024.jpg 771w, https:\/\/ploullins.fr\/fitnessbienetre\/files\/2023\/08\/IMG-20221203-WA0055-226x300.jpg 226w, https:\/\/ploullins.fr\/fitnessbienetre\/files\/2023\/08\/IMG-20221203-WA0055-768x1020.jpg 768w, https:\/\/ploullins.fr\/fitnessbienetre\/files\/2023\/08\/IMG-20221203-WA0055-1157x1536.jpg 1157w, https:\/\/ploullins.fr\/fitnessbienetre\/files\/2023\/08\/IMG-20221203-WA0055-113x150.jpg 113w, https:\/\/ploullins.fr\/fitnessbienetre\/files\/2023\/08\/IMG-20221203-WA0055.jpg 1536w\" sizes=\"auto, (max-width: 771px) 100vw, 771px\" \/><\/figure><\/li><li class=\"blocks-gallery-item\"><figure><img loading=\"lazy\" decoding=\"async\" width=\"1024\" height=\"771\" src=\"https:\/\/ploullins.fr\/fitnessbienetre\/files\/2023\/08\/IMG-20221203-WA0053-1024x771.jpg\" alt=\"\" data-id=\"816\" data-full-url=\"https:\/\/ploullins.fr\/fitnessbienetre\/files\/2023\/08\/IMG-20221203-WA0053.jpg\" data-link=\"https:\/\/ploullins.fr\/fitnessbienetre\/activites\/qi-gong-eventail\/img-20221203-wa0053\/\" class=\"wp-image-816\" srcset=\"https:\/\/ploullins.fr\/fitnessbienetre\/files\/2023\/08\/IMG-20221203-WA0053-1024x771.jpg 1024w, https:\/\/ploullins.fr\/fitnessbienetre\/files\/2023\/08\/IMG-20221203-WA0053-300x226.jpg 300w, https:\/\/ploullins.fr\/fitnessbienetre\/files\/2023\/08\/IMG-20221203-WA0053-768x578.jpg 768w, https:\/\/ploullins.fr\/fitnessbienetre\/files\/2023\/08\/IMG-20221203-WA0053-1536x1157.jpg 1536w, https:\/\/ploullins.fr\/fitnessbienetre\/files\/2023\/08\/IMG-20221203-WA0053-150x113.jpg 150w, https:\/\/ploullins.fr\/fitnessbienetre\/files\/2023\/08\/IMG-20221203-WA0053.jpg 2040w\" sizes=\"auto, (max-width: 1024px) 100vw, 1024px\" \/><\/figure><\/li><li class=\"blocks-gallery-item\"><figure><img loading=\"lazy\" decoding=\"async\" width=\"1024\" height=\"771\" src=\"https:\/\/ploullins.fr\/fitnessbienetre\/files\/2023\/08\/IMG-20230808-WA0032-1024x771.jpg\" alt=\"\" data-id=\"817\" data-full-url=\"https:\/\/ploullins.fr\/fitnessbienetre\/files\/2023\/08\/IMG-20230808-WA0032.jpg\" data-link=\"https:\/\/ploullins.fr\/fitnessbienetre\/activites\/qi-gong-eventail\/img-20230808-wa0032\/\" class=\"wp-image-817\" srcset=\"https:\/\/ploullins.fr\/fitnessbienetre\/files\/2023\/08\/IMG-20230808-WA0032-1024x771.jpg 1024w, https:\/\/ploullins.fr\/fitnessbienetre\/files\/2023\/08\/IMG-20230808-WA0032-300x226.jpg 300w, https:\/\/ploullins.fr\/fitnessbienetre\/files\/2023\/08\/IMG-20230808-WA0032-768x578.jpg 768w, https:\/\/ploullins.fr\/fitnessbienetre\/files\/2023\/08\/IMG-20230808-WA0032-1536x1157.jpg 1536w, https:\/\/ploullins.fr\/fitnessbienetre\/files\/2023\/08\/IMG-20230808-WA0032-150x113.jpg 150w, https:\/\/ploullins.fr\/fitnessbienetre\/files\/2023\/08\/IMG-20230808-WA0032.jpg 2040w\" sizes=\"auto, (max-width: 1024px) 100vw, 1024px\" \/><\/figure><\/li><li class=\"blocks-gallery-item\"><figure><img loading=\"lazy\" decoding=\"async\" width=\"1024\" height=\"771\" src=\"https:\/\/ploullins.fr\/fitnessbienetre\/files\/2023\/08\/IMG-20230808-WA0031-1024x771.jpg\" alt=\"\" data-id=\"818\" data-full-url=\"https:\/\/ploullins.fr\/fitnessbienetre\/files\/2023\/08\/IMG-20230808-WA0031.jpg\" data-link=\"https:\/\/ploullins.fr\/fitnessbienetre\/activites\/qi-gong-eventail\/img-20230808-wa0031\/\" class=\"wp-image-818\" srcset=\"https:\/\/ploullins.fr\/fitnessbienetre\/files\/2023\/08\/IMG-20230808-WA0031-1024x771.jpg 1024w, https:\/\/ploullins.fr\/fitnessbienetre\/files\/2023\/08\/IMG-20230808-WA0031-300x226.jpg 300w, https:\/\/ploullins.fr\/fitnessbienetre\/files\/2023\/08\/IMG-20230808-WA0031-768x578.jpg 768w, https:\/\/ploullins.fr\/fitnessbienetre\/files\/2023\/08\/IMG-20230808-WA0031-1536x1156.jpg 1536w, https:\/\/ploullins.fr\/fitnessbienetre\/files\/2023\/08\/IMG-20230808-WA0031-150x113.jpg 150w, https:\/\/ploullins.fr\/fitnessbienetre\/files\/2023\/08\/IMG-20230808-WA0031.jpg 1600w\" sizes=\"auto, (max-width: 1024px) 100vw, 1024px\" \/><\/figure><\/li><li class=\"blocks-gallery-item\"><figure><img loading=\"lazy\" decoding=\"async\" width=\"1024\" height=\"771\" src=\"https:\/\/ploullins.fr\/fitnessbienetre\/files\/2023\/08\/IMG-20230808-WA0030-1024x771.jpg\" alt=\"\" data-id=\"819\" data-full-url=\"https:\/\/ploullins.fr\/fitnessbienetre\/files\/2023\/08\/IMG-20230808-WA0030.jpg\" data-link=\"https:\/\/ploullins.fr\/fitnessbienetre\/activites\/qi-gong-eventail\/img-20230808-wa0030\/\" class=\"wp-image-819\" srcset=\"https:\/\/ploullins.fr\/fitnessbienetre\/files\/2023\/08\/IMG-20230808-WA0030-1024x771.jpg 1024w, https:\/\/ploullins.fr\/fitnessbienetre\/files\/2023\/08\/IMG-20230808-WA0030-300x226.jpg 300w, https:\/\/ploullins.fr\/fitnessbienetre\/files\/2023\/08\/IMG-20230808-WA0030-768x578.jpg 768w, https:\/\/ploullins.fr\/fitnessbienetre\/files\/2023\/08\/IMG-20230808-WA0030-1536x1157.jpg 1536w, https:\/\/ploullins.fr\/fitnessbienetre\/files\/2023\/08\/IMG-20230808-WA0030-150x113.jpg 150w, https:\/\/ploullins.fr\/fitnessbienetre\/files\/2023\/08\/IMG-20230808-WA0030.jpg 2040w\" sizes=\"auto, (max-width: 1024px) 100vw, 1024px\" \/><\/figure><\/li><li class=\"blocks-gallery-item\"><figure><img loading=\"lazy\" decoding=\"async\" width=\"771\" height=\"1024\" src=\"https:\/\/ploullins.fr\/fitnessbienetre\/files\/2023\/08\/IMG-20221203-WA0038-771x1024.jpg\" alt=\"\" data-id=\"820\" data-full-url=\"https:\/\/ploullins.fr\/fitnessbienetre\/files\/2023\/08\/IMG-20221203-WA0038.jpg\" data-link=\"https:\/\/ploullins.fr\/fitnessbienetre\/activites\/qi-gong-eventail\/img-20221203-wa0038\/\" class=\"wp-image-820\" srcset=\"https:\/\/ploullins.fr\/fitnessbienetre\/files\/2023\/08\/IMG-20221203-WA0038-771x1024.jpg 771w, https:\/\/ploullins.fr\/fitnessbienetre\/files\/2023\/08\/IMG-20221203-WA0038-226x300.jpg 226w, https:\/\/ploullins.fr\/fitnessbienetre\/files\/2023\/08\/IMG-20221203-WA0038-768x1020.jpg 768w, https:\/\/ploullins.fr\/fitnessbienetre\/files\/2023\/08\/IMG-20221203-WA0038-1157x1536.jpg 1157w, https:\/\/ploullins.fr\/fitnessbienetre\/files\/2023\/08\/IMG-20221203-WA0038-113x150.jpg 113w, https:\/\/ploullins.fr\/fitnessbienetre\/files\/2023\/08\/IMG-20221203-WA0038.jpg 1536w\" sizes=\"auto, (max-width: 771px) 100vw, 771px\" \/><\/figure><\/li><\/ul><\/figure>\n","protected":false},"excerpt":{"rendered":"<p>L\u2019\u00e9ventail associ\u00e9 au Qi Gong permet de travailler notre corps en souplesse. Cet Art ancestral reste innovant et b\u00e9n\u00e9fique tout en nous amenant des bienfaits \u00e0 savoir : La notion de l\u2019espace Meilleure coordination du sch\u00e9ma corporel. Obtenir un meilleur \u00e9quilibre. Apaise notre mental. Travaille la souplesse de notre corps&#8230;.<\/p>\n<p class=\"continue-reading-button\"> <a class=\"continue-reading-link\" href=\"https:\/\/ploullins.fr\/fitnessbienetre\/activites\/qi-gong-eventail\/\">Suite<i class=\"crycon-right-dir\"><\/i><\/a><\/p>\n","protected":false},"author":43,"featured_media":0,"parent":545,"menu_order":0,"comment_status":"closed","ping_status":"closed","template":"","meta":{"footnotes":""},"class_list":["post-801","page","type-page","status-publish","hentry"],"_links":{"self":[{"href":"https:\/\/ploullins.fr\/fitnessbienetre\/wp-json\/wp\/v2\/pages\/801","targetHints":{"allow":["GET"]}}],"collection":[{"href":"https:\/\/ploullins.fr\/fitnessbienetre\/wp-json\/wp\/v2\/pages"}],"about":[{"href":"https:\/\/ploullins.fr\/fitnessbienetre\/wp-json\/wp\/v2\/types\/page"}],"author":[{"embeddable":true,"href":"https:\/\/ploullins.fr\/fitnessbienetre\/wp-json\/wp\/v2\/users\/43"}],"replies":[{"embeddable":true,"href":"https:\/\/ploullins.fr\/fitnessbienetre\/wp-json\/wp\/v2\/comments?post=801"}],"version-history":[{"count":8,"href":"https:\/\/ploullins.fr\/fitnessbienetre\/wp-json\/wp\/v2\/pages\/801\/revisions"}],"predecessor-version":[{"id":822,"href":"https:\/\/ploullins.fr\/fitnessbienetre\/wp-json\/wp\/v2\/pages\/801\/revisions\/822"}],"up":[{"embeddable":true,"href":"https:\/\/ploullins.fr\/fitnessbienetre\/wp-json\/wp\/v2\/pages\/545"}],"wp:attachment":[{"href":"https:\/\/ploullins.fr\/fitnessbienetre\/wp-json\/wp\/v2\/media?parent=801"}],"curies":[{"name":"wp","href":"https:\/\/api.w.org\/{rel}","templated":true}]}}