{"id":74,"date":"2024-10-11T17:52:44","date_gmt":"2024-10-11T15:52:44","guid":{"rendered":"https:\/\/ploullins.fr\/handisport\/?page_id=74"},"modified":"2024-10-11T17:52:44","modified_gmt":"2024-10-11T15:52:44","slug":"actualite","status":"publish","type":"page","link":"https:\/\/ploullins.fr\/handisport\/actualite\/","title":{"rendered":"Actualit\u00e9"},"content":{"rendered":"\n<p class=\"has-text-align-center\">Rendez-vous le 3 d\u00e9cembre de 13h30 \u00e0 16h pour la demi-journ\u00e9e du handi-soyez-cap 2024.<\/p>\n\n\n\n<p class=\"has-text-align-center\">C&rsquo;est un bon moyen de partager de bons moments tous ensemble autour d&rsquo;activit\u00e9s ludiques et sportives, et de se retrouver autour d&rsquo;un petit gouter convivial !<\/p>\n\n\n<iframe loading=\"lazy\" class=\"embed-pdf-viewer\" src=\"https:\/\/ploullins.fr\/handisport\/files\/2024\/10\/Affiche-2-3-de\u0301c-1.pdf\" height=\"600\" width=\"600\" title=\"Array\"><\/iframe>\n\n<a href=\"https:\/\/ploullins.fr\/handisport\/files\/2024\/10\/Affiche-2-3-de\u0301c-1.pdf\" class=\"pdfemb-viewer\" style=\"\" data-width=\"max\" data-height=\"max\" data-toolbar=\"both\" data-toolbar-fixed=\"on\">Affiche-2-3-de\u0301c-1<\/a>\n<p class=\"wp-block-pdfemb-pdf-embedder-viewer\"><\/p>\n\n\n\n<h4 class=\"has-text-align-center wp-block-heading\">\u00c0 l&rsquo;occasion de la semaine bleue \u00e0 Oullins, les sections handisport et QI-GONG \u00e9ventail se sont r\u00e9unis sur un atelier accueillant toute g\u00e9n\u00e9rations sur le th\u00e8me de la Chine .<\/h4>\n\n\n<iframe loading=\"lazy\" class=\"embed-pdf-viewer\" src=\"https:\/\/ploullins.fr\/handisport\/files\/2024\/10\/Red-And-Gold-Modern-Happy-Chinese-New-Year-Poster.pdf\" height=\"600\" width=\"600\" title=\"Array\"><\/iframe>\n\n<a href=\"https:\/\/ploullins.fr\/handisport\/files\/2024\/10\/Red-And-Gold-Modern-Happy-Chinese-New-Year-Poster.pdf\" class=\"pdfemb-viewer\" style=\"\" data-width=\"max\" data-height=\"max\" data-toolbar=\"both\" data-toolbar-fixed=\"on\">Red-And-Gold-Modern-Happy-Chinese-New-Year-Poster<\/a>\n<p class=\"wp-block-pdfemb-pdf-embedder-viewer\"><\/p>\n\n\n\n<p><\/p>\n","protected":false},"excerpt":{"rendered":"<p>Rendez-vous le 3 d\u00e9cembre de 13h30 \u00e0 16h pour la demi-journ\u00e9e du handi-soyez-cap 2024. C&rsquo;est un bon moyen de partager de bons moments tous ensemble autour d&rsquo;activit\u00e9s ludiques et sportives, et de se retrouver autour d&rsquo;un petit gouter convivial ! \u00c0 l&rsquo;occasion de la semaine bleue \u00e0 Oullins, les sections&#8230;<\/p>\n<p class=\"continue-reading-button\"> <a class=\"continue-reading-link\" href=\"https:\/\/ploullins.fr\/handisport\/actualite\/\">Continue reading<i class=\"crycon-right-dir\"><\/i><\/a><\/p>\n","protected":false},"author":50,"featured_media":0,"parent":0,"menu_order":2,"comment_status":"closed","ping_status":"closed","template":"","meta":{"footnotes":""},"class_list":["post-74","page","type-page","status-publish","hentry"],"_links":{"self":[{"href":"https:\/\/ploullins.fr\/handisport\/wp-json\/wp\/v2\/pages\/74","targetHints":{"allow":["GET"]}}],"collection":[{"href":"https:\/\/ploullins.fr\/handisport\/wp-json\/wp\/v2\/pages"}],"about":[{"href":"https:\/\/ploullins.fr\/handisport\/wp-json\/wp\/v2\/types\/page"}],"author":[{"embeddable":true,"href":"https:\/\/ploullins.fr\/handisport\/wp-json\/wp\/v2\/users\/50"}],"replies":[{"embeddable":true,"href":"https:\/\/ploullins.fr\/handisport\/wp-json\/wp\/v2\/comments?post=74"}],"version-history":[{"count":4,"href":"https:\/\/ploullins.fr\/handisport\/wp-json\/wp\/v2\/pages\/74\/revisions"}],"predecessor-version":[{"id":80,"href":"https:\/\/ploullins.fr\/handisport\/wp-json\/wp\/v2\/pages\/74\/revisions\/80"}],"wp:attachment":[{"href":"https:\/\/ploullins.fr\/handisport\/wp-json\/wp\/v2\/media?parent=74"}],"curies":[{"name":"wp","href":"https:\/\/api.w.org\/{rel}","templated":true}]}}