{"id":124,"date":"2024-12-11T15:50:48","date_gmt":"2024-12-11T14:50:48","guid":{"rendered":"https:\/\/ploullins.fr\/modernjazz\/?page_id=124"},"modified":"2024-12-11T16:27:41","modified_gmt":"2024-12-11T15:27:41","slug":"professeur","status":"publish","type":"page","link":"https:\/\/ploullins.fr\/modernjazz\/professeur\/","title":{"rendered":"professeur"},"content":{"rendered":"\n<figure class=\"wp-block-pullquote\"><blockquote><p><strong>B\u00e9atrice est prof de danse au PLO depuis presque 10 ans maintenant !!!<\/strong><\/p><p><strong>C&rsquo;est elle qui s&rsquo;occupe de toute les cat\u00e9gories d&rsquo;\u00e2ges de la section avec l&rsquo;aide de petites mains b\u00e9n\u00e9voles.<\/strong><\/p><\/blockquote><\/figure>\n\n\n\n<pre class=\"wp-block-verse has-text-align-center\">\n<\/pre>\n\n\n\n<div class=\"wp-block-image\"><figure class=\"aligncenter size-large\"><img loading=\"lazy\" decoding=\"async\" width=\"732\" height=\"946\" src=\"https:\/\/ploullins.fr\/modernjazz\/files\/2024\/12\/IMG_3429.jpeg\" alt=\"\" class=\"wp-image-125\" srcset=\"https:\/\/ploullins.fr\/modernjazz\/files\/2024\/12\/IMG_3429.jpeg 732w, https:\/\/ploullins.fr\/modernjazz\/files\/2024\/12\/IMG_3429-232x300.jpeg 232w\" sizes=\"auto, (max-width: 732px) 100vw, 732px\" \/><\/figure><\/div>\n","protected":false},"excerpt":{"rendered":"<p>B\u00e9atrice est prof de danse au PLO depuis presque 10 ans maintenant !!! C&rsquo;est elle qui s&rsquo;occupe de toute les cat\u00e9gories d&rsquo;\u00e2ges de la section avec l&rsquo;aide de petites mains b\u00e9n\u00e9voles.<\/p>\n","protected":false},"author":50,"featured_media":0,"parent":0,"menu_order":0,"comment_status":"closed","ping_status":"closed","template":"","meta":{"footnotes":""},"class_list":["post-124","page","type-page","status-publish","hentry"],"_links":{"self":[{"href":"https:\/\/ploullins.fr\/modernjazz\/wp-json\/wp\/v2\/pages\/124","targetHints":{"allow":["GET"]}}],"collection":[{"href":"https:\/\/ploullins.fr\/modernjazz\/wp-json\/wp\/v2\/pages"}],"about":[{"href":"https:\/\/ploullins.fr\/modernjazz\/wp-json\/wp\/v2\/types\/page"}],"author":[{"embeddable":true,"href":"https:\/\/ploullins.fr\/modernjazz\/wp-json\/wp\/v2\/users\/50"}],"replies":[{"embeddable":true,"href":"https:\/\/ploullins.fr\/modernjazz\/wp-json\/wp\/v2\/comments?post=124"}],"version-history":[{"count":4,"href":"https:\/\/ploullins.fr\/modernjazz\/wp-json\/wp\/v2\/pages\/124\/revisions"}],"predecessor-version":[{"id":133,"href":"https:\/\/ploullins.fr\/modernjazz\/wp-json\/wp\/v2\/pages\/124\/revisions\/133"}],"wp:attachment":[{"href":"https:\/\/ploullins.fr\/modernjazz\/wp-json\/wp\/v2\/media?parent=124"}],"curies":[{"name":"wp","href":"https:\/\/api.w.org\/{rel}","templated":true}]}}