{"id":203,"date":"2012-07-01T15:10:59","date_gmt":"2012-07-01T15:10:59","guid":{"rendered":"http:\/\/ploullins.cluster1.easy-hebergement.net\/natation\/?page_id=203"},"modified":"2020-05-27T09:24:02","modified_gmt":"2020-05-27T09:24:02","slug":"charte-club","status":"publish","type":"page","link":"https:\/\/ploullins.fr\/natation\/natation-artistique\/charte-club\/","title":{"rendered":"Charte Club"},"content":{"rendered":"<h4>La pratique de la natation artistique exige rigueur et concentration.<br \/>\nChacun y participe \u00e0 son niveau pour un objectif commun de plaisir et de r\u00e9ussite.<\/h4>\n<p>Tout(e)\u00a0nageuse\/nageur\u00a0engag\u00e9(e) en comp\u00e9tition, le sera pour elle\/lui et pour son groupe et en acceptera les contraintes tout comme les satisfactions pour toute la saison.<br \/>\nCette charte a \u00e9t\u00e9 \u00e9tablie de mani\u00e8re \u00e0 ce que chaque nageuse\/nageur se sente impliqu\u00e9(e) au sein du club.<\/p>\n<blockquote>\n<h2>CHARTE DE LA NAGEUSE \/ NAGEUR<\/h2>\n<ul>\n<li>Respecte : les r\u00e8gles de la natation artistique, le r\u00e8glement int\u00e9rieur du club, les \u00e9quipes adverses (nageuses\/nageurs, \u00e9ducateurs, dirigeants, supporters etc&#8230;) et fait preuve de fairplay.<\/li>\n<li>Est assidu(e) et ponctuel(le) aux entra\u00eenements, aux manifestations et comp\u00e9titions, pr\u00e9vient en cas d\u2019absence.<\/li>\n<li>S\u00e9rieuse\/s\u00e9rieux, enthousiaste, elle\/il participe pleinement \u00e0 l\u2019entra\u00eenement, sans bavardage inutile et applique les consignes.<\/li>\n<li>Est solidaire du club, de son \u00e9quipe et de ses co-\u00e9quipi\u00e8r(e)s.<\/li>\n<li>Accepte les faiblesses, les diff\u00e9rences et les points forts de ses co-\u00e9quipi\u00e8r(e)s tout en les encourageants.<\/li>\n<li>S\u2019engage \u00e0 ne pas avoir de d\u00e9bordements verbaux.<\/li>\n<li>Participe \u00e0 la propret\u00e9 des vestiaires, du bassin et au rangement du mat\u00e9riel.<\/li>\n<li>Utilise les formules de politesse, bonjour, bonsoir\u2026<\/li>\n<li>Respecte l\u2019entra\u00eeneur, les dirigeants et les b\u00e9n\u00e9voles.<\/li>\n<li>Respecte le choix de l\u2019entra\u00eeneur pour la constitution de l\u2019\u00e9quipe.<\/li>\n<li>Adopte un comportement s\u00e9rieux lors des d\u00e9placements en comp\u00e9titions.<\/li>\n<\/ul>\n<\/blockquote>\n<p>&nbsp;<\/p>\n<blockquote>\n<h2>CHARTE DES PARENTS<\/h2>\n<ul>\n<li>Facilitent la pratique de leur(s) enfant(s).<\/li>\n<li>Acceptent les difficult\u00e9s et les contraintes des entra\u00eenements, des d\u00e9placements.<\/li>\n<li>Assurent la pr\u00e9sence de leur enfant aux stages annonc\u00e9s en d\u00e9but de saison lorsque les nageuses\/nageurs font de la comp\u00e9tition.<\/li>\n<li>Respectent les d\u00e9cisions des entra\u00eeneurs, \u00e9ducateurs et celles prise par le bureau.<\/li>\n<li>N\u2019interviennent pas et ne participent pas aux entra\u00eenements.<\/li>\n<li>Encouragent leur enfant dans leur discipline.<\/li>\n<li>Encouragent le club lors des comp\u00e9titions s\u2019il leur est possible de se d\u00e9placer.<\/li>\n<\/ul>\n<\/blockquote>\n<p>&nbsp;<\/p>\n<h4>La progression de chaque nageuse\/nageur est diff\u00e9rente mais chacune peut progresser\u00a0jusqu\u2019\u00e0 son niveau maximum et avant tout se faire plaisir dans le sport.<\/h4>\n<p><em> Tout manquement ou comportement jug\u00e9 inacceptable par l\u2019un des responsables pourra entra\u00eener une expulsion provisoire ou d\u00e9finitive du club.<\/em><\/p>\n<p><a href=\"https:\/\/ploullins.fr\/natation\/files\/2020\/05\/Charte-Club.pdf\" target=\"_blank\" rel=\"noopener noreferrer\">T\u00e9l\u00e9charger la charte du club au format PDF<\/a><\/p>\n","protected":false},"excerpt":{"rendered":"<p>La pratique de la natation artistique exige rigueur et concentration. Chacun y participe \u00e0 son niveau pour un objectif commun de plaisir et de r\u00e9ussite. Tout(e)\u00a0nageuse\/nageur\u00a0engag\u00e9(e) en comp\u00e9tition, le sera pour elle\/lui et pour son groupe et en acceptera les contraintes tout comme les satisfactions pour toute la saison. Cette charte a \u00e9t\u00e9 \u00e9tablie de<br \/><a class=\"moretag\" href=\"https:\/\/ploullins.fr\/natation\/natation-artistique\/charte-club\/\">+ Lire Plus<\/a><\/p>\n","protected":false},"author":30,"featured_media":0,"parent":114,"menu_order":4,"comment_status":"closed","ping_status":"closed","template":"","meta":{"footnotes":""},"class_list":["post-203","page","type-page","status-publish","hentry"],"_links":{"self":[{"href":"https:\/\/ploullins.fr\/natation\/wp-json\/wp\/v2\/pages\/203","targetHints":{"allow":["GET"]}}],"collection":[{"href":"https:\/\/ploullins.fr\/natation\/wp-json\/wp\/v2\/pages"}],"about":[{"href":"https:\/\/ploullins.fr\/natation\/wp-json\/wp\/v2\/types\/page"}],"author":[{"embeddable":true,"href":"https:\/\/ploullins.fr\/natation\/wp-json\/wp\/v2\/users\/30"}],"replies":[{"embeddable":true,"href":"https:\/\/ploullins.fr\/natation\/wp-json\/wp\/v2\/comments?post=203"}],"version-history":[{"count":14,"href":"https:\/\/ploullins.fr\/natation\/wp-json\/wp\/v2\/pages\/203\/revisions"}],"predecessor-version":[{"id":2069,"href":"https:\/\/ploullins.fr\/natation\/wp-json\/wp\/v2\/pages\/203\/revisions\/2069"}],"up":[{"embeddable":true,"href":"https:\/\/ploullins.fr\/natation\/wp-json\/wp\/v2\/pages\/114"}],"wp:attachment":[{"href":"https:\/\/ploullins.fr\/natation\/wp-json\/wp\/v2\/media?parent=203"}],"curies":[{"name":"wp","href":"https:\/\/api.w.org\/{rel}","templated":true}]}}