{"id":5,"date":"2013-12-13T16:01:24","date_gmt":"2013-12-13T15:01:24","guid":{"rendered":"http:\/\/ploullins.fr\/trampogym\/?page_id=5"},"modified":"2018-05-29T22:58:12","modified_gmt":"2018-05-29T21:58:12","slug":"le-club","status":"publish","type":"page","link":"https:\/\/ploullins.fr\/trampogym\/le-club\/","title":{"rendered":"Le club"},"content":{"rendered":"<p style=\"text-align: center;\"><a href=\"http:\/\/ploullins.fr\/trampogym\/files\/2013\/12\/Image1.png\"><img loading=\"lazy\" decoding=\"async\" class=\"aligncenter size-full wp-image-1249\" src=\"http:\/\/ploullins.fr\/trampogym\/files\/2013\/12\/Image1.png\" alt=\"Image1\" width=\"457\" height=\"304\" srcset=\"https:\/\/ploullins.fr\/trampogym\/files\/2013\/12\/Image1.png 457w, https:\/\/ploullins.fr\/trampogym\/files\/2013\/12\/Image1-300x200.png 300w\" sizes=\"auto, (max-width: 457px) 100vw, 457px\" \/><\/a><\/p>\n<p style=\"text-align: center;\"><span style=\"color: #0000ff;\">Situ\u00e9e en banlieue sud de Lyon, dans le d\u00e9partement du Rh\u00f4ne le Patronage Scolaire La\u00efque d\u2019Oullins est une association loi 1901 fond\u00e9e en 1912. <\/span><\/p>\n<p style=\"text-align: center;\"><span style=\"color: #0000ff;\">La section Gymnastique est n\u00e9e en 1935 sous la houlette de Georges Roulet, sportif averti, et Henri Laforest, instituteur Oullinois. <\/span><\/p>\n<p style=\"text-align: center;\"><span style=\"color: #0000ff;\">Depuis, cinq\u00a0disciplines se sont \u00ab greff\u00e9es \u00bb \u00e0 cette pratique sportive : le Trampoline en 1993, la Baby-Gym en 2001, la Gymnastique adulte en 2005, la Zumba en 2012, le Pilate en 2015 et le Piloxing en 2016. <\/span><\/p>\n<p style=\"text-align: center;\"><span style=\"color: #0000ff;\">Le P.L.O Trampo\/Gym compte aujourd\u2019hui pr\u00e8s de 300 licenci\u00e9s et veut continuer son d\u00e9veloppement \u00e0 l\u2019aide de son \u00e9quipe dynamique et ambitieuse. <\/span><\/p>\n<p style=\"text-align: center;\"><span style=\"color: #00ccff;\"><span style=\"color: #0000ff;\">La section Trampo\/Gym collabore avec plusieurs foyers de vie et d\u2019accueils de jour ouverts \u00e0 des personnes handicap\u00e9es dans le but d\u2019ouvrir les activit\u00e9s sportives \u00e0 tous.<\/span> <\/span><\/p>\n","protected":false},"excerpt":{"rendered":"<p>Situ\u00e9e en banlieue sud de Lyon, dans le d\u00e9partement du Rh\u00f4ne le Patronage Scolaire La\u00efque d\u2019Oullins est une association loi 1901 fond\u00e9e en 1912. La\u2026<\/p>\n<p class=\"continue-reading-button\"> <a class=\"continue-reading-link\" href=\"https:\/\/ploullins.fr\/trampogym\/le-club\/\">Suite<i class=\"crycon-right-dir\"><\/i><\/a><\/p>\n","protected":false},"author":1,"featured_media":0,"parent":0,"menu_order":0,"comment_status":"closed","ping_status":"closed","template":"","meta":{"footnotes":""},"class_list":["post-5","page","type-page","status-publish","hentry"],"_links":{"self":[{"href":"https:\/\/ploullins.fr\/trampogym\/wp-json\/wp\/v2\/pages\/5","targetHints":{"allow":["GET"]}}],"collection":[{"href":"https:\/\/ploullins.fr\/trampogym\/wp-json\/wp\/v2\/pages"}],"about":[{"href":"https:\/\/ploullins.fr\/trampogym\/wp-json\/wp\/v2\/types\/page"}],"author":[{"embeddable":true,"href":"https:\/\/ploullins.fr\/trampogym\/wp-json\/wp\/v2\/users\/1"}],"replies":[{"embeddable":true,"href":"https:\/\/ploullins.fr\/trampogym\/wp-json\/wp\/v2\/comments?post=5"}],"version-history":[{"count":5,"href":"https:\/\/ploullins.fr\/trampogym\/wp-json\/wp\/v2\/pages\/5\/revisions"}],"predecessor-version":[{"id":1665,"href":"https:\/\/ploullins.fr\/trampogym\/wp-json\/wp\/v2\/pages\/5\/revisions\/1665"}],"wp:attachment":[{"href":"https:\/\/ploullins.fr\/trampogym\/wp-json\/wp\/v2\/media?parent=5"}],"curies":[{"name":"wp","href":"https:\/\/api.w.org\/{rel}","templated":true}]}}